 13, 491, 1447
List the prime factors of 39819648.
2, 3, 11, 857
List the prime factors of 320272096.
2, 823, 12161
What are the prime factors of 276414084?
2, 3, 17, 451657
List the prime factors of 44639387.
13, 607, 5657
What are the prime factors of 34656552?
2, 3, 7, 22921
What are the prime factors of 2891081727?
3, 17, 123503
What are the prime factors of 26902310?
2, 5, 827, 3253
List the prime factors of 13471474.
2, 239, 28183
List the prime factors of 37462486.
2, 241, 77723
List the prime factors of 696457836.
2, 3, 17, 571, 1993
What are the prime factors of 187084887?
3, 11, 19, 29, 10289
List the prime factors of 203652374.
2, 19, 127, 2221
What are the prime factors of 631784668?
2, 17, 97, 95783
What are the prime factors of 674312483?
13, 61, 850331
List the prime factors of 16671616.
2, 13, 43, 233
List the prime factors of 1991373.
3, 43, 359
List the prime factors of 189020520.
2, 3, 5, 13, 13463
List the prime factors of 1854030982.
2, 17, 19, 2870017
List the prime factors of 1098887143.
2897, 379319
What are the prime factors of 825770882?
2, 29, 43, 467, 709
What are the prime factors of 1584685741?
1584685741
What are the prime factors of 513455747?
7, 73350821
What are the prime factors of 32664985?
5, 271, 24107
List the prime factors of 678477737.
7, 2203, 43997
What are the prime factors of 1458088784?
2, 91130549
List the prime factors of 80696605.
5, 11, 1467211
What are the prime factors of 383459404?
2, 23, 181219
What are the prime factors of 3395835835?
5, 7, 97023881
List the prime factors of 58494339.
3, 2166457
What are the prime factors of 96889687?
347, 279221
What are the prime factors of 194948835?
3, 5, 19, 397, 1723
What are the prime factors of 3258412768?
2, 13, 7832723
List the prime factors of 111613089.
3, 7, 23, 67, 3449
List the prime factors of 811200704.
2, 269, 47119
What are the prime factors of 159155438?
2, 13, 19, 107, 3011
What are the prime factors of 84595395?
3, 5, 5639693
List the prime factors of 2578780.
2, 5, 128939
What are the prime factors of 368581243?
1129, 326467
List the prime factors of 43555482.
2, 3, 268861
What are the prime factors of 891458958?
2, 3, 13, 11428961
List the prime factors of 948672912.
2, 3, 11, 31, 479
List the prime factors of 381629851.
6197, 61583
List the prime factors of 988779771.
3, 7, 747377
List the prime factors of 177245203.
101, 1193, 1471
List the prime factors of 269628056.
2, 137, 246011
What are the prime factors of 5083057612?
2, 19, 983, 3581
What are the prime factors of 596824902?
2, 3, 929, 11897
What are the prime factors of 16844391?
3, 127, 14737
What are the prime factors of 237569498?
2, 41, 337, 8597
What are the prime factors of 34470359?
7, 11, 40697
List the prime factors of 83444602.
2, 17, 2454253
What are the prime factors of 1064844401?
223, 4775087
What are the prime factors of 174755555?
5, 13, 2688547
List the prime factors of 47268490.
2, 5, 31, 41, 3719
What are the prime factors of 68199098?
2, 11, 61, 89, 571
What are the prime factors of 878662996?
2, 29, 977, 7753
List the prime factors of 139646934.
2, 3, 7, 61, 18169
What are the prime factors of 24016254?
2, 3, 4002709
What are the prime factors of 396582673?
883, 449131
What are the prime factors of 66295618?
2, 3389, 9781
What are the prime factors of 46865868?
2, 3, 7, 557927
List the prime factors of 109781805.
3, 5, 7, 41, 3643
What are the prime factors of 8234535?
3, 5, 37, 401
List the prime factors of 1570459172.
2, 392614793
List the prime factors of 2290713780.
2, 3, 5, 107, 509, 701
List the prime factors of 7556389415.
5, 17, 953, 93283
List the prime factors of 669008952.
2, 3, 227, 40933
List the prime factors of 181774629.
3, 2399, 8419
List the prime factors of 176467700.
2, 5, 43, 41039
List the prime factors of 154137615.
3, 5, 101, 101741
What are the prime factors of 203406664?
2, 23, 151, 7321
List the prime factors of 92726212.
2, 1033, 22441
List the prime factors of 534937895.
5, 17, 6293387
List the prime factors of 31613452.
2, 13, 607951
List the prime factors of 146969748.
2, 3, 41, 33191
List the prime factors of 2420110834.
2, 2621, 461677
What are the prime factors of 26052769?
4813, 5413
List the prime factors of 76180871.
13, 113, 51859
List the prime factors of 2896713218.
2, 7, 206908087
List the prime factors of 277685859.
3, 11, 8414723
What are the prime factors of 42923061?
3, 139, 11437
What are the prime factors of 2558882689?
11, 232625699
What are the prime factors of 2179350266?
2, 1089675133
What are the prime factors of 5504271515?
5, 37, 271, 109789
List the prime factors of 291085384.
2, 36385673
What are the prime factors of 60893578?
2, 173, 175993
List the prime factors of 6304669196.
2, 7, 23, 2371, 4129
List the prime factors of 3882829292.
2, 67, 2999, 4831
What are the prime factors of 106029349?
89, 1191341
List the prime factors of 957841052.
2, 7, 37, 924557
List the prime factors of 317876771.
1069, 297359
List the prime factors of 4749057143.
47, 101043769
List the prime factors of 65733835.
5, 131, 100357
List the prime factors of 117902625.
3, 5, 314407
What are the prime factors of 835537860?
2, 3, 5, 4641877
List the prime factors of 181393770.
2, 3, 5, 727, 8317
List the prime factors of 184863045.
3, 5, 12324203
What are the prime factors of 248326998?
2, 3, 19, 23, 94709
List the prime factors of 42477334.
2, 21238667
What are the prime factors of 15167521?
37, 409933
List the prime factors of 1056241080.
2, 3, 5, 978001
List the prime factors of 232365974.
2, 137, 848051
What are the prime factors of 369377862?
2, 3, 7, 613, 14347
What are the prime factors of 129862396?
2, 131, 247829
What are the prime factors of 3294832668?
2, 3, 274569389
List the prime factors of 13782848.
2, 31, 6947
What are the prime factors of 151251487?
449, 336863
List the prime factors of 59183053.
59183053
List the prime factors of 397022543.
37, 10730339
List the prime factors of 326329171.
7, 79, 12043
List the prime factors of 4876924524.
2, 3, 406410377
What are the prime factors of 3841995197?
29, 7583, 17471
List the prime factors of 155968919.
59, 97, 27253
What are the prime factors of 275020967?
13, 1019, 1597
What are the prime factors of 169198023?
3, 56399341
What are the prime factors of 1270105664?
2, 127, 307, 509
List the prime factors of 7831331.
137, 57163
What are the prime factors of 153795305?
5, 41, 43, 73, 239
What are the prime factors of 156737517?
3, 19, 1609, 1709
What are the prime factors of 2138917602?
2, 3, 31, 41, 101, 2777
List the prime factors of 2889193774.
2, 59, 631, 38803
List the prime factors of 1797672633.
3, 17, 149, 181, 1307
List the prime factors of 565403686.
2, 9151, 30893
What are the prime factors of 152425688?
2, 2417, 7883
List the prime factors of 883076122.
2, 23, 41, 43, 10889
List the prime factors of 164961088.
2, 587, 4391
What are the prime factors of 50596818?
2, 3, 859, 9817
What are the prime factors of 2463356979?
3, 273706331
What are the prime factors of 147496871?
29, 79, 64381
What are the prime factors of 48726598?
2, 127, 191837
What are the prime factors of 3103279008?
2, 3, 17, 1901519
List the prime factors of 7384354577.
5147, 1434691
What are the prime factors of 1342176263?
1342176263
List the prime factors of 12458690.
2, 5, 29, 42961
List the prime factors of 20926816.
2, 653963
What are the prime factors of 1907095945?
5, 23, 79, 209917
List the prime factors of 7673774734.
2, 11243, 341269
What are the prime factors of 5311312704?
2, 3, 37, 249217
What are the prime factors of 186114235?
5, 31, 577, 2081
What are the prime factors of 425209833?
3, 61, 12697
List the prime factors of 575893983.
3, 7, 2621, 10463
What are the prime factors of 141861130?
2, 5, 199, 71287
List the prime factors of 105741993.
3, 7, 41, 191, 643
List the prime factors of 2949951777.
3, 67, 14676377
What are the prime factors of 124501673?
31, 167, 24049
List the prime factors of 654620234.
2, 327310117
List the prime factors of 575547843.
3, 13, 313, 47149
What are the prime factors of 282951945?
3, 5, 6287821
What are the prime factors of 54582376?
2, 17, 401341
List the prime factors of 195474216.
2, 3, 7, 43, 27059
What are the prime factors of 